ulate the highest common factor of 75249 and 81.
81
Calculate the greatest common factor of 12440 and 2504.
8
Calculate the highest common factor of 20006 and 14.
14
What is the greatest common factor of 528 and 12364?
44
What is the highest common factor of 124 and 65162?
62
Calculate the greatest common factor of 89390 and 70.
70
What is the highest common divisor of 2085 and 1702055?
695
What is the highest common factor of 97486 and 2054?
158
What is the greatest common divisor of 554 and 208?
2
Calculate the highest common factor of 385 and 510895.
385
Calculate the greatest common divisor of 71643 and 17589.
429
What is the greatest common factor of 60945 and 340?
85
Calculate the highest common divisor of 143 and 34177.
143
What is the greatest common factor of 20793 and 435?
87
What is the greatest common factor of 39 and 32851?
13
What is the greatest common factor of 745 and 403939?
149
What is the highest common divisor of 14806 and 264?
22
What is the greatest common divisor of 182 and 106834?
182
What is the highest common divisor of 7280 and 87815?
455
What is the greatest common divisor of 906 and 133182?
906
What is the highest common divisor of 104 and 199147?
13
Calculate the greatest common divisor of 7397 and 3653.
13
What is the highest common divisor of 112513 and 295?
59
What is the highest common factor of 27 and 59781?
3
What is the greatest common factor of 78 and 2224833?
39
Calculate the highest common factor of 249453 and 27.
27
Calculate the highest common factor of 15 and 182810.
5
Calculate the highest common factor of 16 and 143434.
2
What is the highest common factor of 321 and 264?
3
What is the greatest common factor of 3 and 35363?
1
Calculate the highest common divisor of 4026464 and 32.
32
Calculate the greatest common factor of 74493 and 18414.
837
Calculate the highest common divisor of 126620 and 80.
20
Calculate the highest common divisor of 586 and 31058.
586
Calculate the highest common factor of 38824 and 230.
46
Calculate the greatest common factor of 921948 and 312.
12
Calculate the highest common factor of 45 and 76749.
3
What is the greatest common divisor of 2859 and 813?
3
What is the greatest common factor of 128 and 155776?
128
What is the greatest common factor of 1305 and 3248?
29
Calculate the highest common factor of 134370 and 126.
18
What is the greatest common divisor of 498 and 172806?
498
Calculate the greatest common factor of 5032 and 2664.
296
What is the highest common divisor of 3684 and 1695868?
1228
Calculate the greatest common factor of 86 and 720723.
43
Calculate the highest common divisor of 145 and 491492.
29
What is the greatest common divisor of 19256150 and 100?
50
What is the highest common factor of 738 and 2976?
6
What is the greatest common divisor of 5275 and 5697?
211
Calculate the greatest common divisor of 10856 and 4232.
184
What is the greatest common factor of 208408 and 44?
4
What is the greatest common factor of 384852 and 156?
156
What is the greatest common factor of 377 and 4?
1
What is the greatest common divisor of 298536 and 8?
8
Calculate the highest common factor of 2829 and 123.
123
What is the greatest common factor of 20535 and 925?
185
What is the highest common divisor of 1215 and 3600?
45
Calculate the highest common factor of 80 and 338608.
16
Calculate the highest common divisor of 41477 and 54929.
1121
What is the greatest common divisor of 6831 and 35926?
253
What is the highest common factor of 132 and 202983?
33
What is the greatest common factor of 177 and 1475?
59
What is the greatest common divisor of 5275 and 375?
25
Calculate the greatest common divisor of 238 and 203354.
34
What is the highest common divisor of 254912 and 25536?
448
What is the greatest common factor of 3564 and 814?
22
Calculate the highest common factor of 871 and 689.
13
Calculate the highest common factor of 500 and 288250.
250
Calculate the greatest common divisor of 13029 and 303.
303
Calculate the greatest common divisor of 70 and 132160.
70
What is the greatest common divisor of 13602 and 27?
3
What is the highest common factor of 22 and 13387?
11
Calculate the highest common divisor of 19 and 11989.
19
Calculate the greatest common factor of 56 and 17038.
14
Calculate the highest common factor of 4356 and 49302.
198
Calculate the greatest common factor of 3993 and 1307163.
363
What is the highest common divisor of 1350 and 225900?
450
Calculate the greatest common divisor of 12250 and 4465.
5
Calculate the greatest common factor of 1328 and 216796.
332
What is the highest common divisor of 6792 and 759855?
849
Calculate the greatest common factor of 46060 and 40670.
490
What is the greatest common factor of 17472 and 960?
192
What is the greatest common divisor of 93 and 215171?
31
What is the highest common factor of 262 and 5371?
131
What is the greatest common divisor of 9788133 and 23?
23
What is the highest common factor of 2619 and 57564?
27
Calculate the greatest common factor of 440 and 34420.
20
What is the greatest common divisor of 20090 and 315?
35
What is the highest common factor of 2241741 and 138?
69
What is the highest common factor of 52 and 223171?
13
What is the greatest common factor of 74115 and 2070?
45
Calculate the highest common divisor of 9 and 3251889.
9
Calculate the greatest common divisor of 2563 and 29095.
11
Calculate the highest common factor of 1601907 and 15.
3
What is the greatest common divisor of 9990 and 378?
54
Calculate the greatest common divisor of 22368 and 30.
6
Calculate the highest common factor of 364 and 17528.
28
What is the highest common divisor of 3581452 and 1036?
1036
What is the highest common factor of 828 and 1872476?
92
What is the greatest common divisor of 32 and 2342?
2
What is the greatest common divisor of 60 and 4765920?
60
Calculate the highest common factor of 24610 and 1380.
230
What is the greatest common factor of 3808 and 38794?
238
What is the greatest common factor of 2650 and 258110?
530
What is the highest common divisor of 942 and 465034?
314
What is the greatest common factor of 38 and 31483?
19
What is the highest common factor of 862344 and 21?
21
What is the greatest common divisor of 11037 and 6?
3
Calculate the greatest common factor of 270277 and 14.
7
What is the highest common divisor of 513 and 192546?
171
Calculate the greatest common factor of 3392 and 512.
64
Calculate the greatest common divisor of 15732 and 1064.
76
What is the greatest common factor of 46560 and 160?
160
What is the greatest common divisor of 588 and 978285?
147
What is the greatest common divisor of 1379967 and 564?
141
What is the greatest common divisor of 23573 and 8470?
11
What is the highest common divisor of 265549 and 222?
37
What is the highest common divisor of 10522 and 98?
2
Calculate the highest common divisor of 1 and 267863.
1
Calculate the greatest common divisor of 39481 and 52.
13
What is the highest common divisor of 315553 and 427?
427
Calculate the greatest common factor of 212612 and 92.
92
What is the highest common factor of 3404 and 59616?
92
Calculate the highest common divisor of 1594241 and 11.
11
What is the greatest common divisor of 16 and 1297168?
16
What is the highest common factor of 201 and 2239341?
201
Calculate the highest common divisor of 787 and 679181.
787
What is the highest common factor of 1080 and 3640?
40
What is the greatest common factor of 7947 and 99?
9
Calculate the highest common divisor of 3743617 and 142.
71
What is the highest common divisor of 1980 and 1210?
110
What is the greatest common factor of 12 and 936204?
12
What is the highest common divisor of 1152294 and 561?
561
Calculate the highest common divisor of 144 and 1040436.
36
Calculate the highest common divisor of 368 and 282026.
46
Calculate the highest common divisor of 240275 and 350.
175
Calculate the greatest common divisor of 245498 and 22.
22
What is the greatest common factor of 20150 and 124?
62
Calculate the highest common factor of 54 and 1002375.
27
What is the greatest common factor of 25 and 5427025?
25
Calculate the greatest common divisor of 137088 and 544.
544
Calculate the greatest common factor of 64 and 2194288.
16
Calculate the greatest common divisor of 